7. Is u(-3) composite?
False
Suppose 439*m - 912*m = -412*m - 18099493. Is m a prime number?
True
Let u = -18 - -15. Let q be 2/(-1) + (1 - u). Suppose -k - 4*r = 3*k - 24, 21 = q*k + 5*r. Is k composite?
False
Let o(h) = -2*h**3 + 278*h**2 + 425*h + 179. Is o(130) composite?
True
Suppose f + 4*c = 118573, 216044 = 2*f - c - 21156. Is f prime?
False
Is -3659*(-14*13/(-364))/((-1)/10) composite?
True
Let b(n) = -n**3 - 2*n**2 - 19*n - 18. Let d be (-1 - 2) + 3 - 14. Let f be b(d). Suppose f = 5*x - 3*o - 2838, -5*x + 5432 = 3*o. Is x a composite number?
False
Let a be (201/3)/((12/3)/(-28)). Let x = 640 - a. Is x a composite number?
False
Let o = -2878 - -4730. Suppose 3*p - o = 4307. Is p a composite number?
False
Let b be (2 - 2) + 1454 + 1. Let x(z) = z**3 + 27*z**2 - 86*z + 125. Let d be x(-30). Suppose -j - 5*c = -504, -d*c - b = -3*j - c. Is j prime?
False
Suppose -4*d + 540 = 23*d. Suppose 0 = -d*k + 14491 - 3351. Is k composite?
False
Let s be ((-7)/(-7)*(-30 + 0))/(-2). Suppose s*w - 2742 - 3123 = 0. Is w a prime number?
False
Is (65050/(-75))/((-16)/13128) prime?
False
Let o = 240656 - 111469. Is o composite?
False
Suppose 0*o + 2223 = 3*o. Suppose -3*b = 7*f + 2 - 12, -2*f + 32 = -4*b. Suppose -o = y - 2*y - 2*q, f*y = q + 2946. Is y a composite number?
True
Suppose -4*q + 4*g - 28 = 0, 5*q - 5*g = -2*g - 29. Let f be (q/10)/((-7)/1715). Suppose b + 4*x = 85, 5*b + f - 542 = -x. Is b a prime number?
True
Let i be 14530/(-4)*(-5 + (-19)/(-5)). Suppose -2*y + i = r, 3*r = -13*y + 9*y + 8719. Is y prime?
True
Suppose -11*w = -3*w - 4280. Let n = w - 320. Suppose 821 = 4*y - n. Is y prime?
False
Suppose 13*c + c = 6*c + 447704. Is c a prime number?
False
Let f(p) = 208*p**2 + 6*p - 3. Let v(w) = 5*w + 20. Let q be v(-5). Is f(q) a composite number?
False
Suppose 0 = -83*i + 82*i + 6, q - 303179 = -4*i. Is q prime?
False
Let k = 8567 - 1450. Is k a prime number?
False
Suppose 2*f = -3*f. Suppose g - 2*o + 0*o - 12 = f, 4*g = 3*o + 38. Suppose g*w = -0*w + 1672. Is w composite?
True
Suppose 7 = -2*o - y - 10, -o - 4*y - 26 = 0. Let m(g) = -7*g**3 + 9*g**2 - 4*g - 13. Is m(o) prime?
True
Let l be ((-2)/4 + 1)*(12 - 2). Suppose 5*d - 10 - l = 0. Suppose -4*t + 3*t = -5*j + 4780, 2*t = -d*j + 2855. Is j prime?
False
Let u(b) = -184*b + 123. Suppose -4*o - n - 136 = 0, 40 + 49 = -3*o - 4*n. Is u(o) a prime number?
True
Suppose o - 8 = -3*p + 6*p, -4*o - 5*p + 32 = 0. Suppose o*k - 5*k = 18393. Is k composite?
False
Suppose 23*x = 12*x - 17424. Let n = x - -3407. Is n prime?
True
Let d(n) = -n**3 + 9*n**2 - 7*n - 12. Let m be d(8). Let k(p) = p**3 + 3*p**2 - 6*p + 3. Let l be k(m). Suppose -l*x = -15*x + 476. Is x a composite number?
True
Suppose 7 = -5*j - 3*o - 14, -2 = 2*j - 2*o. Let a be (-1)/(-4)*-2*(-7 - j). Suppose -5*r + 922 = l + a*l, -3*r + l = -556. Is r composite?
True
Suppose 0 = 5*c - 2*c - 30. Suppose -4*v = 3*k - c - 0, 2*k = -v. Suppose -2*q - x = -6789 + 1164, -v*q + 3*x = -11255. Is q composite?
True
Let m(f) = -f**3 + 82*f**2 - 161*f - 17. Is m(72) a composite number?
False
Suppose -2*r - 292 = -4006. Let l(u) = 64*u**2 - 576*u - 2310. Let q be l(-4). Let b = r - q. Is b prime?
True
Let y(r) be the first derivative of 2449*r**2/2 + 46. Is y(1) prime?
False
Suppose -1505730 - 287483 = -9*l - 262052. Is l a composite number?
True
Let c(q) = -5*q - 40. Let d be c(-10). Suppose d*l = 1082 + 2288. Is l composite?
False
Suppose -3*w = -o - 37, -3 = 2*w - 3*o - 16. Suppose 0 = f - d - 24736, -5*f + 123690 = 19*d - w*d. Is f a prime number?
False
Let d = 962032 + -499313. Is d a prime number?
True
Let t(k) = k**3 + k**2. Let h(o) = 3*o**2 + 4*o - 5. Let l(s) = h(s) - t(s). Let z be l(2). Is ((-2)/z)/(34/(-112353)) prime?
True
Suppose o = -5*t - 113, -4*t - 160 = o - 45. Let x = 406 - o. Is x a prime number?
False
Let c be ((-968)/(-66))/(4/3). Let o(i) = 118*i + 101. Is o(c) a composite number?
False
Let g be 1/4 + 1651/4. Let o = 1671 + 507. Let r = o - g. Is r a composite number?
True
Suppose -2*c + 4492 = -1940. Let a = -1835 + c. Is a a composite number?
False
Let z be 2*(-40)/16 + 9. Is (1867/z)/(20/400) prime?
False
Suppose -28*a - 4080651 = -215*a + 25079942. Is a a composite number?
True
Let q = 165 - 162. Suppose q*h - 4963 = 2306. Is h a composite number?
False
Let h = 388 + -350. Suppose -29*g + h*g - 21699 = 0. Is g composite?
False
Let i = 264814 + 68943. Is i composite?
False
Let x = -444145 + 723752. Is x prime?
True
Suppose 5*i = -3*j + 241295, -28*j + 5*i = -29*j + 80425. Is j a prime number?
False
Suppose 0 = 38*i - 11*i - 1026. Suppose -3*p + i*p = 558985. Is p a composite number?
False
Suppose -10*f = -5*f - 1725335. Is f prime?
True
Suppose 12 - 17 = -5*g. Let b(f) = -9*f**3 - 2*f**2 - f + 2. Let x be b(g). Let w = 221 + x. Is w a prime number?
True
Let r(s) = -s**3 + 11*s**2 + 7*s - 4. Let g be r(-9). Suppose -743 = -z - 2*a + 71, -4*z + 3232 = 2*a. Suppose -w + z = -g. Is w composite?
True
Suppose 0 = -i - f + 3797 + 18768, -i + 22557 = 5*f. Is i a composite number?
False
Suppose -2*s - 3*s = -3*a + 7, -4*a = 5*s - 21. Suppose 2*t + b = -4*b + s, t = 3*b - 16. Let d(m) = 12*m**2 - 8*m - 9. Is d(t) a prime number?
False
Let z(f) = 1184*f**3 + f**2 - 17*f - 7. Is z(3) a prime number?
False
Suppose 541114 = m - 5*b - 74358, 3077288 = 5*m - b. Is m prime?
False
Let t(d) = -d**3 + 2*d**2 - 1. Let k(q) = 103*q**3 - 4*q**2 - 9*q - 15. Let v(a) = -k(a) - t(a). Is v(-3) a prime number?
False
Suppose 4216501 = 128*u - 61740739 - 12100104. Is u composite?
True
Let n = -87729 - -165008. Is n a composite number?
False
Suppose -5*b - 4*y = -17, -b - 4*y + 11 = -2. Suppose 4*t - b = -161. Is 85 + 2 - t/10 composite?
True
Is (-2)/(-4)*(-3 + (-23931975)/(-3)) prime?
True
Suppose 6*d - 4*y = d + 45, -3*y = 3*d. Suppose 2*l - 2*i = i + 10759, 0 = d*i - 5. Is l composite?
False
Suppose -236*v = -247*v + 327151. Is v a composite number?
False
Let p(x) = 31*x**3 + x**2 + x - 1. Let v be p(1). Let i = v + -31. Is 382 - (i - (-8)/4) composite?
False
Let s = -602 + 602. Suppose -11*n + 3*n + 66952 = s. Is n a composite number?
False
Suppose -75 = 4*a + 121. Let c = 60 + a. Suppose 665 = -c*w + 16*w. Is w prime?
False
Let q = 34343 + 19696. Is q a composite number?
True
Let r = -234 - -2232. Let i = r + 364. Is i a prime number?
False
Let d be -5*((-2)/(-10))/(-1). Suppose 5*r - 13298 = s, 3 + d = 2*s. Suppose 5*x + 6*v - v - r = 0, 0 = -2*x - v + 1061. Is x composite?
True
Let t(z) = z**3 - 9*z**2 + 3*z + 5. Let p be t(9). Let m = 49 - p. Suppose 19*n - m*n - 3154 = 0. Is n prime?
False
Is (-52)/(-65) + (-5500145)/(-15) - (-8)/(-60) a prime number?
True
Let x(p) = p**3 + 88*p**2 + 69*p - 257. Is x(-81) a prime number?
False
Suppose 32*a - 628052 = -178380 + 5085336. Is a a composite number?
False
Let z = 190105 + -108342. Is z a prime number?
False
Suppose 5645340 = 5*t + 5*l, -28*t - 7903516 = -35*t + l. Is t prime?
False
Suppose -3*q + 2*q - 72651 = -5*t, 2*q - 43588 = -3*t. Suppose -10*d + 53960 - t = 0. Is d composite?
False
Let h(y) = 9575*y + 1296. Is h(10) composite?
True
Let h(d) = 62146*d + 5079. Is h(11) a prime number?
False
Let l = 20 - 19. Suppose 3*v + 4*f + 3 = 2*f, -2*v - l = f. Is 35660/160 + v/8 composite?
False
Is (-72)/(4 - -5) - (-42597 - 0) prime?
True
Let z = -41614 + 164955. Is z composite?
False
Suppose r = 4*j - 30, 0*j = -2*j + 3*r + 10. Suppose j*h = 16*h - 10952. Is h prime?
False
Let x(s) = -s**2 - 23*s - 54. Let q be (-4)/18 + (-338)/18. Is x(q) composite?
True
Suppose 0 = -48*f + 46*f + 10. Suppose -3*i + 12*m + 72672 = 9*m, m = f*i - 121116. Is i a prime number?
True
Suppose 42*n + 64*n - 29260 = -34*n. Is n a prime number?
False
Let k = 36927 + -1904. Is k a composite number?
False
Let v be (-9)/(-6)*6*(-8)/24. Is v + 44 + (-12)/2 prime?
False
Suppose -4*g = -3*f - 12047, 3*g = -4*f + 8*g - 16063. Let o = -481 - f. Suppose 3*c - o = 1483. Is c a composite number?
True
Let y = 4439 - 2913. Let r = y + -955. Suppose -r = 4*w - 1935. Is w a composite number?
True
Suppose 42*l + 2 = 43*l. Suppose l*t - 53420 = -4*i, 7*i - 13337 = 6*i + 4*t. Is i a prime number?
False
Is (-336515)/(-7) + (8/(-4))/42*12 prime?
True
Suppose 9*z - 43 - 47 = 0. Let p = z - 10. Suppose -8*o + p*o + 39640 = 0. Is o composit